) = 23*l**2 + 16*l - 8. Let j(t) = -23*t**2 - 15*t + 8. Let m(w) = -3*j(w) - 2*s(w). What are the prime factors of m(4)?
2, 103
Let j(c) = -2*c**3 - 16*c**2 - 30*c + 19. Let t be j(-15). Suppose -t = -26*p + 411. List the prime factors of p.
5, 31
Let h = 31 - 27. Suppose h = 5*b - 4*b. Suppose 0 = -m - b + 21. What are the prime factors of m?
17
Let r be -5*2/(-5) + 3. Let v(k) = 2*k + 1. Let j be v(r). Suppose j*q - 41 = 10*q. List the prime factors of q.
41
Let o(a) = -a**3 + 9*a**2 - 13*a - 11. Let f be o(6). Suppose -2*u - 2*q = -172, -15*u - 5*q = -f*u + 389. What are the prime factors of u?
7, 13
Let x(r) = 167*r - 10 + 7 - 169*r + 49*r**2. Suppose -4*y + 5*z = 3, 0 = 3*y + 3*z + 11 - 2. What are the prime factors of x(y)?
197
Let r(b) = 2036*b + 351. List the prime factors of r(4).
5, 1699
Suppose 0 = 17*m - 12*m + 2*i - 2, 5*m = -4*i - 6. List the prime factors of 3 + (2*174)/m.
3, 59
Suppose -54*q = -418501 + 27865. List the prime factors of q.
2, 3617
Let l(g) = -8*g - 5. Let o be l(5). Let t = 27 + o. Let q = 67 - t. What are the prime factors of q?
5, 17
Suppose 0 = -11*t + 7*t + 144. Suppose -4*v = -4*a + t, 0*a - 2*a - 4*v - 6 = 0. Suppose 2*q + 171 = 4*q + m, 2*m - 425 = -a*q. List the prime factors of q.
83
Let f be 2/(-10) + 2/10 + 4. List the prime factors of 5 - (-1)/(f/1208).
307
Suppose -3*c - 956 = -4*z, -148 - 569 = -3*z + 4*c. Let d = z + 185. What are the prime factors of d?
2, 53
Let w = 24244 + -1386. What are the prime factors of w?
2, 11, 1039
Suppose -518*d - 1307238 = -575*d. List the prime factors of d.
2, 11467
Suppose -2*d = 0, 2*z = 4*z + 5*d. Suppose z = 3*i - 9 + 3. Suppose 5*c = 20, 3*o = o + 5*c - i. List the prime factors of o.
3
Let g(y) = -y**3 - 2*y**2 + 6*y - 4. Let c be g(7). Let n = c + 1548. List the prime factors of n.
5, 229
Suppose -4150 = 74*h - 79*h. Suppose -45*b = -47*b - h. Let f = b - -682. What are the prime factors of f?
3, 89
Let x(o) = -o**3 + 7*o**2 + 19*o - 27. Suppose 0 = -25*d + 125 + 75. List the prime factors of x(d).
61
Suppose 4*p - 4*w = 24, 30 = 5*p - 2*w - 2*w. Let k(f) = 35*f - 28. Let m be k(p). Suppose -r + 4*g = -g - m, -3*r + 546 = 4*g. What are the prime factors of r?
2, 7, 13
Suppose 143*l - 9603 = 132*l + 5863. What are the prime factors of l?
2, 19, 37
Suppose 60*s = 12*s + 28*s + 7560. List the prime factors of s.
2, 3, 7
Let r(t) = -15. Let u(c) = -c - 16. Let z(a) = -5*r(a) + 6*u(a). Let b be z(-9). Let p = b + 9. List the prime factors of p.
2, 3, 7
Suppose 10 = -33*l + 38*l. Suppose 2*q = l*y + 2672, 77*q + 2676 = 79*q - 4*y. What are the prime factors of q?
2, 23, 29
Let b be -4 + (2 - -3) + 3 + -1. Let w be 3/(b/(-12)*-3). Suppose -2*r = 2*r + z - 284, 3*r - 213 = w*z. List the prime factors of r.
71
Let a = -28 + 26. Let i be ((-4)/24 + 23/(-6))/a. Suppose i*y = 173 + 1. What are the prime factors of y?
3, 29
Suppose 9*m - 14*m = 350. Let s = 73 + m. Suppose -272 = -3*k - q, -s*q + 6*q - 371 = -4*k. List the prime factors of k.
89
Let t = -10597 - -28680. List the prime factors of t.
13, 107
Let q be 12346/22 + 24/(-132). Suppose 473 = -4*l + q. List the prime factors of l.
2, 11
Let x be (1 + (-4)/6)/(9/1026). Let h = -29 + x. Suppose 5*a = h*a - 540. What are the prime factors of a?
3, 5
Let v(w) = 228*w**2 + 328*w - 1945. List the prime factors of v(6).
8231
Suppose 0 = -4*h + 2*f + 50, -5*h - 3*f = -35 - 44. Suppose h*c = 10*c + 3912. What are the prime factors of c?
2, 3, 163
Let x = 122992 + -68091. What are the prime factors of x?
7, 11, 23, 31
Suppose 10*r - 5834 - 9073 - 50363 = 0. List the prime factors of r.
61, 107
Suppose 0 = 4*w + 3*f - 45921, 4*w + 27*f - 22*f - 45927 = 0. What are the prime factors of w?
2, 3, 1913
Suppose 4*r + 166 = -2. Let n = 44 + r. List the prime factors of 86 + (9/(-15))/(n/10).
83
Let l be (-5)/((-10)/8) - 0. Let f(x) = -x**3 + 2*x**2 + 7*x + 8. Let s be f(l). Suppose y + 0*y = 5*h + 8, -4*h = -s*y + 64. What are the prime factors of y?
2, 3
Suppose 2*v + 3*u - 37281 + 6399 = 0, v = u + 15456. List the prime factors of v.
2, 3, 5, 103
Let x(u) = 82*u - 80. Let m(g) = -g**2 + 10*g - 20. Let j be m(4). List the prime factors of x(j).
2, 31
Suppose 16*j + 1912 = -552. Let r = j - -504. What are the prime factors of r?
2, 5, 7
Suppose 50300 = -5*r - q + 124362, -2*r + q + 29622 = 0. What are the prime factors of r?
2, 7, 23
What are the prime factors of ((-1519)/(-62))/(2/2228)?
7, 557
Let q(m) = 123*m**2 - 26 + 2*m - 99*m**2 + 7. List the prime factors of q(5).
3, 197
Let n = 3176 - 1470. What are the prime factors of n?
2, 853
Let c(a) = 92*a**2 - 84*a + 7. What are the prime factors of c(8)?
3, 1741
Let g(i) be the second derivative of i**5/10 - i**4/12 - i**3/6 + 571*i**2/2 + 132*i. List the prime factors of g(0).
571
Suppose 4*f - f = -5*x + 6225, 0 = -4*x - 5*f + 4993. Suppose 4*c + n = 7*c - x, 0 = -3*c + 5*n + 1242. List the prime factors of c.
2, 3, 23
Suppose x = 3*f + 20339, -4*f - 29015 - 52301 = -4*x. What are the prime factors of x?
2, 5081
Let j(n) = -n**3 - 40*n**2 - 38*n - 91. Let x be j(-39). Let b = 147 + x. List the prime factors of b.
17
Let d be (-1 - 0 - -2)/(1/7). Let t(q) = 5*q**2 + 14*q + 7. What are the prime factors of t(d)?
2, 5, 7
Let c = 47 + -44. Let g(b) = -9 + b**3 - 124*b**2 + c*b + 117*b**2 + 0*b. List the prime factors of g(8).
79
Suppose -9381 = -4*d + 6799. Suppose -6*g - 2434 = -3*n - 7*g, 5*n + 4*g - d = 0. List the prime factors of n.
3, 271
Let x = 74 + -74. Suppose p - 3*h - 313 = 237, -2*p + 5*h + 1101 = x. List the prime factors of p.
7, 79
Let p(w) = w**3 + 14*w**2 - 6*w + 61. What are the prime factors of p(21)?
2, 5, 29, 53
Let w(h) = 15*h + 20. Let u be w(17). Let z(y) = 3*y - 8*y + 279 - u. List the prime factors of z(-14).
2, 37
Let b(s) = 4*s - 7. Let p be b(3). Suppose p*m = 8*m - 6. Suppose -m*q = -10, o + 2*q = 4*o - 161. What are the prime factors of o?
3, 19
Let y(v) = v**3 - 5*v**2 + 4*v - 20. Let s be y(5). List the prime factors of 2 - 34/(s + -1)*8.
2, 137
Let u(d) = 10097*d**3 - 4*d**2 + 7*d - 4. List the prime factors of u(1).
2, 631
Suppose 0 = -6*b + 34 - 10. Let l(w) = 5*w - 2. Let o be l(1). Suppose -b*z = 3*t - 95, z - t = -o*z + 91. List the prime factors of z.
23
Let c = -248 + 202. Let x = 189 + c. What are the prime factors of x?
11, 13
Suppose 30432 = 5*r + 4*l, -35*r + 4*l = -39*r + 24340. List the prime factors of r.
2, 1523
Let x = 374 - 636. Let a = -124 - x. List the prime factors of 1 + 2 + a/2.
2, 3
List the prime factors of (-25)/(50/(-8)) - (-1 - 15482/2).
2, 3, 1291
Suppose -5*f + 64*h - 69*h + 17290 = 0, -3*h = -3*f + 10338. List the prime factors of f.
2, 863
Suppose 4*v = -2*l - 22, 2*l + v = -2*v - 18. List the prime factors of ((-555)/l + 3)*(-152)/(-16).
2, 19, 47
Let r(a) = a**3 + 35*a**2 - 159*a - 270. What are the prime factors of r(-36)?
2, 3, 7, 11
Let r = -19624 - -28725. List the prime factors of r.
19, 479
Let q(l) = l**2. Let k be q(-5). Let j be 10/k - (-46)/10. Suppose 0 = -j*t + 645 - 15. What are the prime factors of t?
2, 3, 7
Suppose 5*q + 2*f = 7*f - 5, -4*f + 1 = -5*q. Suppose -9 = q*a - 18. What are the prime factors of (12 - 3)/a - -52?
5, 11
Let r be -4 + 10 + 4 - 7. Suppose 0 = -r*g + 2658 - 570. What are the prime factors of g?
2, 3, 29
Let t(d) = 79*d + 12. Let w be t(-9). Let m = -364 - w. Suppose -4*s + m = 5*p, 2*s + 5 = 2*p - 147. What are the prime factors of p?
71
Let z be ((-66)/(-8))/((-51)/12 + 5). Suppose z*l = 31*l - 25380. List the prime factors of l.
3, 47
What are the prime factors of 562656/64 + (-4)/(8/(-1))?
2, 7, 157
Let n(s) = 1087*s - 1250. List the prime factors of n(3).
2011
Let k(u) = 8*u**2 + 5*u - 11. Let i be k(7). Suppose -31*w = -30*w - i. Suppose 54*t = 58*t - w. What are the prime factors of t?
2, 13
Suppose 2*r - 420 = -0*r. Suppose 4*d - r = -3*d. What are the prime factors of 3*-1 + 9 + -5 + d?
31
Suppose 6*i = 115 - 193. Let v(a) = 3*a**2 + 21*a - 2. List the prime factors of v(i).
2, 29
Let h be ((-105)/(-25))/((-6)/(-20)). Suppose -h*t + 8201 = 1061. What are the prime factors of t?
2, 3, 5, 17
Let r = 883 - 255. List the prime factors of (190/76)/(2/r).
5, 157
Suppose -3*b = 59 - 65. Suppose -7*p = -b*p - 1685. Suppose -3*n = -4*d - p, 0 = -0*n - 4*n - 4*d + 412. List